ue
Is 73 a factor of 254872200?
True
Is 30511606 a multiple of 926?
False
Does 870 divide 112795969?
False
Does 8 divide 331602717?
False
Is 27 a factor of 23524998?
False
Is 8294475 a multiple of 735?
True
Does 220 divide 34898256?
False
Does 32 divide 20070048?
True
Is 40392737 a multiple of 25?
False
Is 213 a factor of 587079418?
False
Is 160187336 a multiple of 1366?
False
Is 2482969 a multiple of 23?
False
Is 1979 a factor of 4171374802?
False
Is 1472631 a multiple of 26?
False
Does 3448 divide 1428026607?
False
Is 2184726244 a multiple of 643?
True
Does 1333 divide 87816707?
True
Is 142871589 a multiple of 2256?
False
Is 121170948 a multiple of 4?
True
Is 2299958 even?
True
Is 2243332 a multiple of 56?
False
Is 103133079 a multiple of 2933?
True
Is 20 a factor of 6409280?
True
Is 8 a factor of 13676256?
True
Does 796 divide 122243358?
False
Is 2014607 a multiple of 303?
False
Does 2 divide 82086421?
False
Is 17 a factor of 609780850?
False
Is 18 a factor of 2146058326?
False
Does 14 divide 39605685?
False
Does 112 divide 36429568?
True
Is 944454 a multiple of 241?
False
Does 64 divide 10813824?
True
Does 189 divide 482269977?
True
Is 1937 a factor of 2802950?
False
Does 57 divide 38038482?
False
Is 235956367 a multiple of 3492?
False
Is 10107 a factor of 2320274097?
True
Does 1459 divide 170570231?
True
Does 4 divide 3075318?
False
Does 861 divide 66712571?
False
Is 54076311 a multiple of 438?
False
Does 15 divide 235101390?
True
Is 265703895 a multiple of 2?
False
Is 35173866 a multiple of 13?
True
Does 279 divide 121611636?
True
Is 3908 a factor of 184225477?
False
Does 578 divide 36604740?
True
Does 1706 divide 4250597062?
False
Is 77749812 a multiple of 1827?
True
Is 19 a factor of 8348650?
False
Does 32 divide 1345923872?
True
Is 115 a factor of 1959690782?
False
Is 433342094 a multiple of 260?
False
Is 388 a factor of 347738792?
True
Does 35 divide 6573179?
False
Is 213 a factor of 7560045?
False
Is 76003826 a multiple of 322?
False
Is 197740244 a multiple of 2?
True
Does 116 divide 18799540?
True
Is 54 a factor of 86935610?
False
Is 33343976 a multiple of 71?
False
Does 223 divide 13890145?
False
Is 1008 a factor of 39202128?
True
Is 865130 a multiple of 595?
True
Is 53357256 a multiple of 36?
True
Is 308 a factor of 53268550?
False
Is 4 a factor of 229523511?
False
Is 423 a factor of 1470030042?
False
Is 310 a factor of 121391970?
True
Is 119908332 a multiple of 20?
False
Is 289 a factor of 21811562?
False
Is 2 a factor of 19920902?
True
Is 575714599 a multiple of 3411?
False
Is 2224211811 a multiple of 73?
False
Does 3 divide 352084?
False
Does 7 divide 123037516?
True
Is 844429801 a multiple of 225?
False
Is 10 a factor of 2872512020?
True
Is 29 a factor of 689550960?
False
Does 3021 divide 15624612?
True
Does 660 divide 168808860?
True
Is 304857208 a multiple of 74?
True
Is 22903787 a multiple of 33?
False
Does 109 divide 312954811?
False
Is 367549200 a multiple of 4232?
True
Is 56 a factor of 1759496?
False
Is 34638292 a multiple of 494?
True
Is 197765690 a multiple of 10?
True
Is 2246792466 a multiple of 318?
False
Is 8 a factor of 12879940?
False
Is 253 a factor of 1476002?
True
Is 111 a factor of 97280952?
False
Does 1279 divide 16210434?
False
Is 8081571 a multiple of 4?
False
Is 50 a factor of 779037574?
False
Is 348214256 a multiple of 36?
False
Does 20 divide 724013581?
False
Does 8 divide 69555872?
True
Is 24 a factor of 1627081691?
False
Is 90681969 a multiple of 3017?
True
Is 6327 a factor of 503869626?
True
Is 3178991389 a multiple of 146?
False
Is 36 a factor of 53904096?
True
Is 25 a factor of 5097677?
False
Does 3782 divide 1326146954?
True
Does 269 divide 2876417?
True
Does 315 divide 155733165?
True
Is 2311702941 a multiple of 453?
True
Does 191 divide 28750848?
True
Is 1073651985 a multiple of 651?
True
Does 1440 divide 107631175?
False
Does 1774 divide 21367830?
True
Is 397 a factor of 3658591?
False
Is 215963854 a multiple of 14?
False
Is 2 a factor of 2281650?
True
Is 167111062 a multiple of 129?
False
Is 1496 a factor of 140453456?
True
Does 1080 divide 44233560?
True
Is 15 a factor of 1345473855?
True
Does 578 divide 897570857?
False
Is 442384834 a multiple of 1628?
False
Is 35 a factor of 21849058?
False
Does 383 divide 37973301?
True
Is 1241566 a multiple of 197?
False
Is 133300567 a multiple of 476?
False
Is 1207382607 a multiple of 19?
True
Is 20 a factor of 986945436?
False
Is 836 a factor of 90486968?
True
Is 12951120 a multiple of 312?
True
Is 90510554 a multiple of 767?
False
Is 5832170 a multiple of 89?
True
Is 1058800897 a multiple of 9161?
True
Is 2270 a factor of 410872270?
True
Is 2081514 a multiple of 189?
False
Is 188648878 a multiple of 65?
False
Is 3129 a factor of 633444147?
True
Is 82638696 a multiple of 24?
True
Is 32 a factor of 954943083?
False
Does 13 divide 153833784?
True
Is 51600850 a multiple of 2653?
True
Is 542259909 a multiple of 4419?
True
Does 215 divide 79903984?
False
Is 49 a factor of 193355293?
False
Does 131 divide 27003947?
True
Is 487494610 a multiple of 62?
False
Is 821123725 a multiple of 515?
True
Is 2188067854 a multiple of 1519?
True
Does 93 divide 439893810?
False
Is 582399950 a multiple of 3449?
False
Is 49 a factor of 16630649?
True
Is 88 a factor of 52483024?
True
Is 5 a factor of 73256310?
True
Is 6740 a factor of 1068903340?
True
Is 897991587 a multiple of 9?
True
Is 432935246 a multiple of 22?
False
Is 30764699 a multiple of 7?
True
Is 866 a factor of 293950118?
False
Is 16986750 a multiple of 165?
True
Is 105827260 a multiple of 10?
True
Does 99 divide 4451820318?
True
Is 50 a factor of 471989100?
True
Is 36 a factor of 49689022?
False
Is 377 a factor of 215829484?
True
Is 3969 a factor of 939993232?
False
Is 11 a factor of 1775823579?
False
Is 1787458716 a multiple of 1294?
False
Does 16 divide 803758644?
False
Does 4379 divide 471107948?
False
Is 9 a factor of 482087601?
True
Is 1712082854 a multiple of 178?
True
Is 52009620 a multiple of 509?
True
Is 19 a factor of 25166203?
True
Is 8990547 a multiple of 17?
False
Is 489 a factor of 246414127?
False
Does 5 divide 104013996?
False
Is 35795984 a multiple of 18?
False
Does 825 divide 17871955?
False
Does 162 divide 215312464?
False
Does 23 divide 279147740?
False
Does 4969 divide 1009511978?
True
Is 4 a factor of 2264344484?
True
Is 289 a factor of 1279843477?
False
Does 20 divide 1767614460?
True
Is 382 a factor of 60848780?
True
Is 189 a factor of 70496709?
False
Does 6826 divide 625818620?
False
Is 14660668 a multiple of 21?
False
Is 344778880 a multiple of 12106?
True
Does 316 divide 4419261680?
False
Is 79101995 a multiple of 203?
True
Is 14 a factor of 37103682?
True
Does 15 divide 33113842?
False
Is 10006 a factor of 951931289?
False
Is 180033551 a multiple of 50?
False
Is 42834625 a multiple of 9?
False
Is 6420645 a multiple of 55?
True
Is 20 a factor of 2193809523?
False
Does 39 divide 60417630?
True
Does 239 divide 422044898?
False
Is 89 a factor of 2417685890?
True
Is 108491194 a multiple of 120?
False
Is 464 a factor of 23457520?
True
Is 91 a factor of 893610536?
True
Is 140 a factor of 581582260?
True
Is 99391345 a multiple of 374?
False
Is 144 a factor of 73343232?
True
Is 38413233 a multiple of 431?
False
Is 27067500 a multiple of 450?
True
Does 29 divide 65051582?
True
Is 154870371 a multiple of 34?
False
Is 1734428 a multiple of 8?
False
Does 2618 divide 30743174?
True
Is 79846798 a multiple of 149?
False
Is 32803881 a multiple of 11?
True
Is 1213 a factor of 5604205380?
False
Is 1032439 a multiple of 188?
False
Is 24965806 a multiple of 22?
False
Is 39984420 a multiple of 9?
False
Does 1456 divide 14883232?
True
Is 192 a factor of 72638362?
False
Does 112 divide 488224903?
False
Is 33886902 a multiple of 254?
True
Does 2213 divide 167577212?
True
Is 16834478 a multiple of 13?
False
Is 22 a factor of 37671493?
False
Is 2095130944 a multiple of 5527?
True
Is 11772436 a multiple of 413?
False
Does 22 divide 31704002?
True
Does 1874 divide 416824208?
False
Is 15 a factor of 100503326?
False
Is 6378 a factor of 7839885460?
False
Is 8827 a factor of 4260624799?
False
Does 118 divide 379620514?
True
Does 85 divide 216960572?
False
Does 9 divide 14618621?
False
Is 110 a factor of 64469184